{"id":1600,"date":"2014-05-14T13:27:18","date_gmt":"2014-05-14T13:27:18","guid":{"rendered":"http:\/\/www.blog-sejour-linguistique.fr\/sejours-linguistiques\/?page_id=1600"},"modified":"2014-05-14T14:05:25","modified_gmt":"2014-05-14T14:05:25","slug":"sejours-linguistiques-en-afrique-du-sud","status":"publish","type":"page","link":"http:\/\/www.blog-sejour-linguistique.fr\/sejours-linguistiques\/informations-pratiques\/sejours-linguistiques-en-afrique-du-sud\/","title":{"rendered":"S\u00e9jours linguistiques en Afrique du Sud"},"content":{"rendered":"<p><a href=\"http:\/\/www.activa-langues.com\/fr\/sejour-linguistique-en-afrique-du-sud\/\" target=\"_blank\"><img loading=\"lazy\" decoding=\"async\" class=\"aligncenter size-full wp-image-813\" title=\"afrique_du_sud1\" src=\"http:\/\/www.blog-sejour-linguistique.fr\/sejours-linguistiques\/wp-content\/uploads\/2009\/01\/afrique_du_sud1.jpg\" alt=\"afrique_du_sud1\" width=\"630\" height=\"100\" srcset=\"http:\/\/www.blog-sejour-linguistique.fr\/sejours-linguistiques\/wp-content\/uploads\/2009\/01\/afrique_du_sud1.jpg 630w, http:\/\/www.blog-sejour-linguistique.fr\/sejours-linguistiques\/wp-content\/uploads\/2009\/01\/afrique_du_sud1-300x47.jpg 300w\" sizes=\"auto, (max-width: 630px) 100vw, 630px\" \/><\/a><\/p>\n<p><span style=\"color: #4d4d4d;\">Pour votre <a href=\"http:\/\/www.activa-langues.com\/fr\/sejour-linguistique-en-afrique-du-sud\/\">s\u00e9jour linguistique en afrique du sud<\/a>, voici\u00a0quelques<\/span><span style=\"color: #4d4d4d;\">\u00a0<\/span><a style=\"color: #4d4d4d;\" title=\"Infos pratiques - Afrique du Sud\" href=\"http:\/\/www.activa-langues.com\/fr\/sejours-linguistiques-en-afrique-du-sud\/infos-pratiques\/\">informations <\/a>sur les\u00a0transports \u00e0 <a href=\"http:\/\/www.activa-langues.com\/fr\/sejour-linguistique-en-afrique-du-sud\/le-cap\/\" target=\"_blank\">Cap Town<\/a>.<\/p>\n<h3>Bus<\/h3>\n<p style=\"padding-left: 30px;\">Large r\u00e9seau et bus de qualit\u00e9 avec plusieurs compagnies. Greyhound couvre une bonne partie du pays \u00e0 des prix \u00e9lev\u00e9s. Autonet assure presque tous les trajets longue distance et dispose de trois r\u00e9seaux : Translux (r\u00e9seau co\u00fbteux \u00ab\u00a0de luxe\u00a0\u00bb), Trancity (r\u00e9seau \u00e9conomique) et Transtate (presque exclusivement utilis\u00e9 par les Noirs). Il y a d&rsquo;autres compagnies de moindre importance (r\u00e9gionales) telles que Intercape-mainliner et Bazz Buss sp\u00e9cialis\u00e9e dans la cat\u00e9gorie \u00ab\u00a0routards\u00a0\u00bb.<br \/>\nA signaler que si le r\u00e9seau est bon, il ne permet cependant pas d&rsquo;acc\u00e9der \u00e0 nombre de parcs ou r\u00e9serves (donc obligation de passer par un tour ou de louer un v\u00e9hicule).<\/p>\n<h3>Taxis collectifs<\/h3>\n<p style=\"padding-left: 30px;\">Ce sont des minibus qui effectuent des trajets courts \u00e0 l&rsquo;int\u00e9rieur d&rsquo;une ville ou \u00e0 destination des villes voisines. Tr\u00e8s bon march\u00e9. D&rsquo;abord presque exclusivement utilis\u00e9s par les Noirs, de plus en plus de Blancs y ont recours surtout au Cap et \u00e0 Pretoria.<\/p>\n<h3>Trains<\/h3>\n<p style=\"padding-left: 30px;\">R\u00e9seau dense et moderne, sauf dans le Nord-ouest. G\u00e9n\u00e9ralement lent mais ponctuel et bon march\u00e9 avec 1\u00e8re, 2e et 3e classe. R\u00e9ductions possibles de 40 % hors saison sur le r\u00e9seau Transnet. Le train est de moins en moins utilis\u00e9 par les Blancs. A \u00e9viter la ligne Pr\u00e9toria-Jo&rsquo;burg o\u00f9 les risques d&rsquo;agressions sont tr\u00e8s importants.<br \/>\nEgalement un train de luxe : le Blue Train.<\/p>\n<p>Les \u00e9tudiants et les adultes ont aussi la possibilit\u00e9 de participer \u00e0 un <a href=\"http:\/\/www.activa-langues.com\/fr\/sejour-linguistique-en-afrique-du-sud\/\">s\u00e9jour linguistique en afrique du sud<\/a> tout au long de l&rsquo;ann\u00e9e dans des \u00e9coles de langues sp\u00e9cialis\u00e9es qui proposent des s\u00e9jours linguistiques \u00e0 des \u00e9tudiants du monde entier.<\/p>\n<!-- AddThis Advanced Settings generic via filter on the_content --><!-- AddThis Share Buttons generic via filter on the_content -->","protected":false},"excerpt":{"rendered":"<p>Pour votre s\u00e9jour linguistique en afrique du sud, voici\u00a0quelques\u00a0informations sur les\u00a0transports \u00e0 Cap Town. Bus Large r\u00e9seau et bus de qualit\u00e9 avec plusieurs compagnies. Greyhound couvre une bonne partie du pays \u00e0 des prix \u00e9lev\u00e9s. Autonet assure presque tous les <a class=\"more-link\" href=\"http:\/\/www.blog-sejour-linguistique.fr\/sejours-linguistiques\/informations-pratiques\/sejours-linguistiques-en-afrique-du-sud\/\">Continuer la lecture <span class=\"screen-reader-text\">  S\u00e9jours linguistiques en Afrique du Sud<\/span><span class=\"meta-nav\">&rarr;<\/span><\/a><!-- AddThis Advanced Settings generic via filter on get_the_excerpt --><!-- AddThis Share Buttons generic via filter on get_the_excerpt --><\/p>\n","protected":false},"author":1,"featured_media":0,"parent":1583,"menu_order":0,"comment_status":"open","ping_status":"open","template":"","meta":{"ngg_post_thumbnail":0,"footnotes":""},"class_list":["post-1600","page","type-page","status-publish","hentry"],"_links":{"self":[{"href":"http:\/\/www.blog-sejour-linguistique.fr\/sejours-linguistiques\/wp-json\/wp\/v2\/pages\/1600","targetHints":{"allow":["GET"]}}],"collection":[{"href":"http:\/\/www.blog-sejour-linguistique.fr\/sejours-linguistiques\/wp-json\/wp\/v2\/pages"}],"about":[{"href":"http:\/\/www.blog-sejour-linguistique.fr\/sejours-linguistiques\/wp-json\/wp\/v2\/types\/page"}],"author":[{"embeddable":true,"href":"http:\/\/www.blog-sejour-linguistique.fr\/sejours-linguistiques\/wp-json\/wp\/v2\/users\/1"}],"replies":[{"embeddable":true,"href":"http:\/\/www.blog-sejour-linguistique.fr\/sejours-linguistiques\/wp-json\/wp\/v2\/comments?post=1600"}],"version-history":[{"count":6,"href":"http:\/\/www.blog-sejour-linguistique.fr\/sejours-linguistiques\/wp-json\/wp\/v2\/pages\/1600\/revisions"}],"predecessor-version":[{"id":1648,"href":"http:\/\/www.blog-sejour-linguistique.fr\/sejours-linguistiques\/wp-json\/wp\/v2\/pages\/1600\/revisions\/1648"}],"up":[{"embeddable":true,"href":"http:\/\/www.blog-sejour-linguistique.fr\/sejours-linguistiques\/wp-json\/wp\/v2\/pages\/1583"}],"wp:attachment":[{"href":"http:\/\/www.blog-sejour-linguistique.fr\/sejours-linguistiques\/wp-json\/wp\/v2\/media?parent=1600"}],"curies":[{"name":"wp","href":"https:\/\/api.w.org\/{rel}","templated":true}]}}