{"id":1607,"date":"2014-05-14T13:29:25","date_gmt":"2014-05-14T13:29:25","guid":{"rendered":"http:\/\/www.blog-sejour-linguistique.fr\/sejours-linguistiques\/?page_id=1607"},"modified":"2014-05-14T13:29:25","modified_gmt":"2014-05-14T13:29:25","slug":"sejours-linguistiques-en-autriche","status":"publish","type":"page","link":"http:\/\/www.blog-sejour-linguistique.fr\/sejours-linguistiques\/informations-pratiques\/sejours-linguistiques-en-autriche\/","title":{"rendered":"S\u00e9jours linguistiques en Autriche"},"content":{"rendered":"<p><a href=\"http:\/\/www.activa-langues.com\/fr\/sejour-linguistique-en-autriche\/\" target=\"_blank\"><img loading=\"lazy\" decoding=\"async\" class=\"aligncenter size-full wp-image-819\" title=\"autriche1\" src=\"http:\/\/www.blog-sejour-linguistique.fr\/sejours-linguistiques\/wp-content\/uploads\/2009\/01\/autriche1.jpg\" alt=\"autriche1\" width=\"630\" height=\"100\" srcset=\"http:\/\/www.blog-sejour-linguistique.fr\/sejours-linguistiques\/wp-content\/uploads\/2009\/01\/autriche1.jpg 630w, http:\/\/www.blog-sejour-linguistique.fr\/sejours-linguistiques\/wp-content\/uploads\/2009\/01\/autriche1-300x47.jpg 300w\" sizes=\"auto, (max-width: 630px) 100vw, 630px\" \/><\/a><\/p>\n<h2><a href=\"http:\/\/www.activa-langues.com\/fr\/sejour-linguistique-en-autriche\/vienne\/\" target=\"_blank\">Vienne<\/a><\/h2>\n<h3>Transports urbains<\/h3>\n<p style=\"padding-left: 30px;\">Vienne est la ville de r\u00eave pour les trekkeurs urbains. Le centre historique est peu \u00e9tendu et se parcourt tr\u00e8s facilement et rapidement \u00e0 pied. La circulation automobile \u00e9tant assez dense et peu logique, rouler en voiture ne pr\u00e9sente vraiment aucun int\u00e9r\u00eat. La ville offre en effet l\u2019\u00e9ventail de moyens de transports le plus large qu\u2019on puisse r\u00eaver.<br \/>\nFormules d\u2019abonnements<br \/>\nIl existe plusieurs formules couvrant tout le r\u00e9seau m\u00e9tro, tram et bus. On peut les acheter, soit aux distributeurs dans les stations de m\u00e9tro, \u00e0 l\u2019entr\u00e9e ou directement sur les quais ; soit dans les kiosques \u00e0 journaux et bureaux de tabac. Int\u00e9ressant vu le prix du ticket \u00e0 l\u2019unit\u00e9 (1,70\u20ac).<\/p>\n<p style=\"padding-left: 30px;\">Diff\u00e9rentes formules :<\/p>\n<ul>\n<li>Une carte valable 24 h \u00e0 oblit\u00e9rer au premier voyage (5,70\u20ac) ; carte \u00e0 13,60\u20ac pour 3 jours.<\/li>\n<li>Une carte hebdomadaire (lundi \u00e0 lundi ; carte individuelle avec timbre et photo) \u00e0 14\u20ac.<\/li>\n<li>Le forfait de 8 jours 27,50\u20ac. Il s\u2019agit d\u2019un long billet avec 8 cases qu\u2019il faut oblit\u00e9rer en d\u00e9but de chaque journ\u00e9e. Ce billet non nominatif peut \u00eatre utilis\u00e9 \u00e0 plusieurs (le nombre de jours est alors r\u00e9duit). Autre avantage : les 8 journ\u00e9es n\u2019\u00e9tant pas obligatoirement cons\u00e9cutivres, le billet est illimit\u00e9 dans le temps.<\/li>\n<\/ul>\n<h3>M\u00e9tro (U-Bahn)<\/h3>\n<p style=\"padding-left: 30px;\">Avec 5 lignes (elles sont num\u00e9rot\u00e9es de 1 \u00e0 6, mais il manque la 5 !). Il couvre relativement bien la ville. Moderne, spacieux, tr\u00e8s propre et tr\u00e8s s\u00fbr. Fr\u00e9quence de passage \u00e9lev\u00e9e. Le r\u00e9seau se compl\u00e8te vers les faubourgs par des lignes du S-bahn, une sorte de RER local.<\/p>\n<h3>Tramway et bus<\/h3>\n<p style=\"padding-left: 30px;\">R\u00e9seau extr\u00eamement dense permettant toutes les combinaisons possibles. Initiative qui ravivera les oiseaux de nuit (Nightline, brochure disponible dans les gares ou \u00e0 l\u2019office de tourisme) sur 20 lignes jusqu\u2019\u00e0 4 h du matin. Fr\u00e9quence : toutes les demi-heures. Point de d\u00e9part : Staatsopern. Les arr\u00eats des bus de nuit sont marqu\u00e9s \u00ab N \u00bb.<\/p>\n<!-- AddThis Advanced Settings generic via filter on the_content --><!-- AddThis Share Buttons generic via filter on the_content -->","protected":false},"excerpt":{"rendered":"<p>Vienne Transports urbains Vienne est la ville de r\u00eave pour les trekkeurs urbains. Le centre historique est peu \u00e9tendu et se parcourt tr\u00e8s facilement et rapidement \u00e0 pied. La circulation automobile \u00e9tant assez dense et peu logique, rouler en voiture <a class=\"more-link\" href=\"http:\/\/www.blog-sejour-linguistique.fr\/sejours-linguistiques\/informations-pratiques\/sejours-linguistiques-en-autriche\/\">Continuer la lecture <span class=\"screen-reader-text\">  S\u00e9jours linguistiques en Autriche<\/span><span class=\"meta-nav\">&rarr;<\/span><\/a><!-- AddThis Advanced Settings generic via filter on get_the_excerpt --><!-- AddThis Share Buttons generic via filter on get_the_excerpt --><\/p>\n","protected":false},"author":1,"featured_media":0,"parent":1583,"menu_order":0,"comment_status":"open","ping_status":"open","template":"","meta":{"ngg_post_thumbnail":0,"footnotes":""},"class_list":["post-1607","page","type-page","status-publish","hentry"],"_links":{"self":[{"href":"http:\/\/www.blog-sejour-linguistique.fr\/sejours-linguistiques\/wp-json\/wp\/v2\/pages\/1607","targetHints":{"allow":["GET"]}}],"collection":[{"href":"http:\/\/www.blog-sejour-linguistique.fr\/sejours-linguistiques\/wp-json\/wp\/v2\/pages"}],"about":[{"href":"http:\/\/www.blog-sejour-linguistique.fr\/sejours-linguistiques\/wp-json\/wp\/v2\/types\/page"}],"author":[{"embeddable":true,"href":"http:\/\/www.blog-sejour-linguistique.fr\/sejours-linguistiques\/wp-json\/wp\/v2\/users\/1"}],"replies":[{"embeddable":true,"href":"http:\/\/www.blog-sejour-linguistique.fr\/sejours-linguistiques\/wp-json\/wp\/v2\/comments?post=1607"}],"version-history":[{"count":1,"href":"http:\/\/www.blog-sejour-linguistique.fr\/sejours-linguistiques\/wp-json\/wp\/v2\/pages\/1607\/revisions"}],"predecessor-version":[{"id":1608,"href":"http:\/\/www.blog-sejour-linguistique.fr\/sejours-linguistiques\/wp-json\/wp\/v2\/pages\/1607\/revisions\/1608"}],"up":[{"embeddable":true,"href":"http:\/\/www.blog-sejour-linguistique.fr\/sejours-linguistiques\/wp-json\/wp\/v2\/pages\/1583"}],"wp:attachment":[{"href":"http:\/\/www.blog-sejour-linguistique.fr\/sejours-linguistiques\/wp-json\/wp\/v2\/media?parent=1607"}],"curies":[{"name":"wp","href":"https:\/\/api.w.org\/{rel}","templated":true}]}}